{"id":308,"date":"2020-10-23T18:57:15","date_gmt":"2020-10-23T15:57:15","guid":{"rendered":"https:\/\/startertemplatecloud.com\/e02\/?post_type=product&#038;p=308"},"modified":"2024-01-14T03:11:19","modified_gmt":"2024-01-14T06:11:19","slug":"cardpdf","status":"publish","type":"product","link":"https:\/\/menuzim.com\/index.php\/produto\/cardpdf\/","title":{"rendered":"Card\u00e1pio em PDF Hamburguerias e Lanchonetes"},"content":{"rendered":"<p>Especificamente para hamburgueria ou lanchonete, veja mais na descri\u00e7\u00e3o.<\/p>\n<p>&nbsp;<\/p>\n","protected":false},"excerpt":{"rendered":"<p>Card\u00e1pio PDF<\/p>\n<p>Produzimos toda a arte para o seu card\u00e1pio em PDF, permitindo que voc\u00ea o envie aos seus clientes via whatsapp ou o imprima para disponibilizar em seu estabelecimento. Tudo o que precisamos \u00e9 que voc\u00ea forne\u00e7a os nomes, ingredientes e pre\u00e7os dos seus produtos.<\/p>\n<p>Oferecemos a op\u00e7\u00e3o de escolher entre os modelos pr\u00e9-montados personalizamos como preferir.<\/p>\n<p>Padr\u00e3o de tamanho A4 formato paisagem ou retrato<\/p>\n<p>Este N\u00c3O \u00e9 um card\u00e1pio digital, \u00e9 um arquivo est\u00e1tico PDF<\/p>\n<p>Limite m\u00e1ximo de paginas 3 paginas, para card\u00e1pios maiores entrar em contato via whatsapp<\/p>\n<p>Imagens ilustrativas de exemplos<\/p>\n<p>ATEN\u00c7\u00c3O: Valor por pagina, caso seu card\u00e1pio seja muito extenso haver\u00e1 a necessidade de mais paginas<\/p>\n","protected":false},"featured_media":1560,"template":"","meta":{"_kad_post_transparent":"default","_kad_post_title":"","_kad_post_layout":"default","_kad_post_sidebar_id":"","_kad_post_content_style":"default","_kad_post_vertical_padding":"default","_kad_post_feature":"","_kad_post_feature_position":"","_kad_post_header":false,"_kad_post_footer":false},"product_cat":[34],"product_tag":[],"_links":{"self":[{"href":"https:\/\/menuzim.com\/index.php\/wp-json\/wp\/v2\/product\/308"}],"collection":[{"href":"https:\/\/menuzim.com\/index.php\/wp-json\/wp\/v2\/product"}],"about":[{"href":"https:\/\/menuzim.com\/index.php\/wp-json\/wp\/v2\/types\/product"}],"wp:featuredmedia":[{"embeddable":true,"href":"https:\/\/menuzim.com\/index.php\/wp-json\/wp\/v2\/media\/1560"}],"wp:attachment":[{"href":"https:\/\/menuzim.com\/index.php\/wp-json\/wp\/v2\/media?parent=308"}],"wp:term":[{"taxonomy":"product_cat","embeddable":true,"href":"https:\/\/menuzim.com\/index.php\/wp-json\/wp\/v2\/product_cat?post=308"},{"taxonomy":"product_tag","embeddable":true,"href":"https:\/\/menuzim.com\/index.php\/wp-json\/wp\/v2\/product_tag?post=308"}],"curies":[{"name":"wp","href":"https:\/\/api.w.org\/{rel}","templated":true}]}}